{"id":1709,"date":"2026-03-27T17:55:19","date_gmt":"2026-03-27T17:55:19","guid":{"rendered":"https:\/\/lekkoatletykawpolsce.pl\/?page_id=1709"},"modified":"2026-04-11T09:56:47","modified_gmt":"2026-04-11T09:56:47","slug":"200m-m-zawodnicy","status":"publish","type":"page","link":"https:\/\/lekkoatletykawpolsce.pl\/index.php\/200m-m-zawodnicy\/","title":{"rendered":"200m (M) &#8211; ZAWODNICY"},"content":{"rendered":"\t\t<div data-elementor-type=\"wp-page\" data-elementor-id=\"1709\" class=\"elementor elementor-1709\">\n\t\t\t\t<div class=\"elementor-element elementor-element-abb7de6 e-flex e-con-boxed e-con e-parent\" data-id=\"abb7de6\" data-element_type=\"container\" data-e-type=\"container\">\n\t\t\t\t\t<div class=\"e-con-inner\">\n\t\t\t\t<div class=\"elementor-element elementor-element-1cf47fa elementor-widget elementor-widget-text-editor\" data-id=\"1cf47fa\" data-element_type=\"widget\" data-e-type=\"widget\" data-widget_type=\"text-editor.default\">\n\t\t\t\t\t\t\t\t\t<h4><em>Wykaz zawodnik\u00f3w, kt\u00f3rzy uzyskali okre\u015blony wynik lub wynik lepszy (mo\u017cliwo\u015b\u0107 filtrowania zakresu wynik\u00f3w)<\/em><\/h4>\t\t\t\t\t\t\t\t<\/div>\n\t\t\t\t\t<\/div>\n\t\t\t\t<\/div>\n\t\t<div class=\"elementor-element elementor-element-00b596d e-flex e-con-boxed e-con e-parent\" data-id=\"00b596d\" data-element_type=\"container\" data-e-type=\"container\">\n\t\t\t\t\t<div class=\"e-con-inner\">\n\t\t\t\t<div class=\"elementor-element elementor-element-8407d95 elementor-widget elementor-widget-html\" data-id=\"8407d95\" data-element_type=\"widget\" data-e-type=\"widget\" data-widget_type=\"html.default\">\n\t\t\t\t\t<div class=\"flourish-embed flourish-chart\" data-src=\"visualisation\/27957573\"><script src=\"https:\/\/public.flourish.studio\/resources\/embed.js\"><\/script><noscript><img decoding=\"async\" src=\"https:\/\/public.flourish.studio\/visualisation\/27957573\/thumbnail\" width=\"100%\" alt=\"visualization\" \/><\/noscript><\/div>\t\t\t\t<\/div>\n\t\t\t\t\t<\/div>\n\t\t\t\t<\/div>\n\t\t<div class=\"elementor-element elementor-element-30d5e1b e-flex e-con-boxed e-con e-parent\" data-id=\"30d5e1b\" data-element_type=\"container\" data-e-type=\"container\">\n\t\t\t\t\t<div class=\"e-con-inner\">\n\t\t\t\t<div class=\"elementor-element elementor-element-b6a1ee8 elementor-widget elementor-widget-text-editor\" data-id=\"b6a1ee8\" data-element_type=\"widget\" data-e-type=\"widget\" data-widget_type=\"text-editor.default\">\n\t\t\t\t\t\t\t\t\t<h5>Wykaz zawiera wyniki uzyskane \u0142\u0105cznie w pomiarze z dok\u0142adno\u015bci\u0105 do 0.1s jak i wyniki wsp\u00f3\u0142czesne (od 1977 roku). Dla wszystkich trzech zakres\u00f3w wynikowych liderem jest rekordzista Polski \u2013 Marcin Urba\u015b, z czego poni\u017cej 20.50s wsp\u00f3\u0142dzieli miejsce pierwsze z Karolem Zalewskim. Czo\u0142owe miejsca dotycz\u0105 jeszcze kilku zawodnik\u00f3w: Leszek Dunecki, Marcin J\u0119drusi\u0144ski oraz Marian Woronin.<\/h5>\t\t\t\t\t\t\t\t<\/div>\n\t\t\t\t\t<\/div>\n\t\t\t\t<\/div>\n\t\t<div class=\"elementor-element elementor-element-c484971 e-flex e-con-boxed e-con e-parent\" data-id=\"c484971\" data-element_type=\"container\" data-e-type=\"container\">\n\t\t\t\t\t<div class=\"e-con-inner\">\n\t\t\t\t<div class=\"elementor-element elementor-element-5e382a1 elementor-widget elementor-widget-text-editor\" data-id=\"5e382a1\" data-element_type=\"widget\" data-e-type=\"widget\" data-widget_type=\"text-editor.default\">\n\t\t\t\t\t\t\t\t\t<h4><em>Wykaz lider\u00f3w i sprinter\u00f3w w czo\u0142owej tr\u00f3jce\u00a0<\/em><em>polskich tabel<\/em><\/h4>\t\t\t\t\t\t\t\t<\/div>\n\t\t\t\t\t<\/div>\n\t\t\t\t<\/div>\n\t\t<div class=\"elementor-element elementor-element-8e6e6c3 e-flex e-con-boxed e-con e-parent\" data-id=\"8e6e6c3\" data-element_type=\"container\" data-e-type=\"container\">\n\t\t\t\t\t<div class=\"e-con-inner\">\n\t\t\t\t<div class=\"elementor-element elementor-element-91d8e31 elementor-widget elementor-widget-html\" data-id=\"91d8e31\" data-element_type=\"widget\" data-e-type=\"widget\" data-widget_type=\"html.default\">\n\t\t\t\t\t<div class=\"flourish-embed flourish-chart\" data-src=\"visualisation\/27936493\"><script src=\"https:\/\/public.flourish.studio\/resources\/embed.js\"><\/script><noscript><img decoding=\"async\" src=\"https:\/\/public.flourish.studio\/visualisation\/27936493\/thumbnail\" width=\"100%\" alt=\"visualization\" \/><\/noscript><\/div>\t\t\t\t<\/div>\n\t\t\t\t\t<\/div>\n\t\t\t\t<\/div>\n\t\t<div class=\"elementor-element elementor-element-f27505b e-flex e-con-boxed e-con e-parent\" data-id=\"f27505b\" data-element_type=\"container\" data-e-type=\"container\">\n\t\t\t\t\t<div class=\"e-con-inner\">\n\t\t\t\t<div class=\"elementor-element elementor-element-f63aa46 elementor-widget elementor-widget-text-editor\" data-id=\"f63aa46\" data-element_type=\"widget\" data-e-type=\"widget\" data-widget_type=\"text-editor.default\">\n\t\t\t\t\t\t\t\t\t<h5>Najcz\u0119stszym liderem tabel jest Karol Zalewski. W tej konkurencji nie ma dominatora jak to by\u0142o w przypadku biegu na 10m. Na uwag\u0119 zas\u0142uguje jednak fakt, \u017ce Karol Zalewski najszybciej w Polsce biega\u0142 7 lat z rz\u0119du. W czo\u0142owej tr\u00f3jce dwustumetrowc\u00f3w najcz\u0119\u015bciej byli Marcin Urba\u015b (11) i Marcin J\u0119drusi\u0144ski oraz Jan Werner (obaj 9 raz).<\/h5>\t\t\t\t\t\t\t\t<\/div>\n\t\t\t\t\t<\/div>\n\t\t\t\t<\/div>\n\t\t<div class=\"elementor-element elementor-element-f4f3c00 e-flex e-con-boxed e-con e-parent\" data-id=\"f4f3c00\" data-element_type=\"container\" data-e-type=\"container\">\n\t\t\t\t\t<div class=\"e-con-inner\">\n\t\t\t\t<div class=\"elementor-element elementor-element-62a01c8 elementor-widget elementor-widget-text-editor\" data-id=\"62a01c8\" data-element_type=\"widget\" data-e-type=\"widget\" data-widget_type=\"text-editor.default\">\n\t\t\t\t\t\t\t\t\t<h4><em>Sprinterzy, kt\u00f3rzy co najmniej 6-krotnie znale\u017ali si\u0119 w czo\u0142owej dziesi\u0105tce <\/em><em>polskich tabel<\/em><\/h4>\t\t\t\t\t\t\t\t<\/div>\n\t\t<div class=\"elementor-element elementor-element-3da1dce e-con-full e-flex e-con e-child\" data-id=\"3da1dce\" data-element_type=\"container\" data-e-type=\"container\">\n\t\t\t\t<div class=\"elementor-element elementor-element-4ee8232 elementor-widget elementor-widget-text-editor\" data-id=\"4ee8232\" data-element_type=\"widget\" data-e-type=\"widget\" data-widget_type=\"text-editor.default\">\n\t\t\t\t\t\t\t\t\t<h5>Pierwsza dziesi\u0105tka krajowych zestawie\u0144 najcz\u0119\u015bciej \u201ego\u015bci\u0142a\u201d Roberta Ma\u0107kowiaka (15) i Marcina Urbasia (14). Na uwag\u0119 zas\u0142uguje fakt, \u017ce cz\u0119sto w top 10 tego dystansu znajdowali si\u0119 specjali\u015bci od dystansu 400m.<\/h5>\t\t\t\t\t\t\t\t<\/div>\n\t\t\t\t<\/div>\n\t\t\t\t\t<\/div>\n\t\t\t\t<\/div>\n\t\t<div class=\"elementor-element elementor-element-d03dbc7 e-flex e-con-boxed e-con e-parent\" data-id=\"d03dbc7\" data-element_type=\"container\" data-e-type=\"container\">\n\t\t\t\t\t<div class=\"e-con-inner\">\n\t\t\t\t<div class=\"elementor-element elementor-element-c5c5df0 elementor-widget elementor-widget-html\" data-id=\"c5c5df0\" data-element_type=\"widget\" data-e-type=\"widget\" data-widget_type=\"html.default\">\n\t\t\t\t\t<div class=\"flourish-embed flourish-chart\" data-src=\"visualisation\/27936527\"><script src=\"https:\/\/public.flourish.studio\/resources\/embed.js\"><\/script><noscript><img decoding=\"async\" src=\"https:\/\/public.flourish.studio\/visualisation\/27936527\/thumbnail\" width=\"100%\" alt=\"visualization\" \/><\/noscript><\/div>\t\t\t\t<\/div>\n\t\t\t\t\t<\/div>\n\t\t\t\t<\/div>\n\t\t\t\t<\/div>\n\t\t","protected":false},"excerpt":{"rendered":"<p>Wykaz zawodnik\u00f3w, kt\u00f3rzy uzyskali okre\u015blony wynik lub wynik lepszy (mo\u017cliwo\u015b\u0107 filtrowania zakresu wynik\u00f3w) Wykaz zawiera wyniki uzyskane \u0142\u0105cznie w pomiarze z dok\u0142adno\u015bci\u0105 do 0.1s jak i wyniki wsp\u00f3\u0142czesne (od 1977 roku). Dla wszystkich trzech zakres\u00f3w wynikowych liderem jest rekordzista Polski \u2013 Marcin Urba\u015b, z czego poni\u017cej 20.50s wsp\u00f3\u0142dzieli miejsce pierwsze z Karolem Zalewskim. Czo\u0142owe miejsca [&hellip;]<\/p>\n","protected":false},"author":1,"featured_media":0,"parent":0,"menu_order":0,"comment_status":"closed","ping_status":"closed","template":"","meta":{"footnotes":""},"class_list":["post-1709","page","type-page","status-publish","czr-hentry"],"_links":{"self":[{"href":"https:\/\/lekkoatletykawpolsce.pl\/index.php\/wp-json\/wp\/v2\/pages\/1709","targetHints":{"allow":["GET"]}}],"collection":[{"href":"https:\/\/lekkoatletykawpolsce.pl\/index.php\/wp-json\/wp\/v2\/pages"}],"about":[{"href":"https:\/\/lekkoatletykawpolsce.pl\/index.php\/wp-json\/wp\/v2\/types\/page"}],"author":[{"embeddable":true,"href":"https:\/\/lekkoatletykawpolsce.pl\/index.php\/wp-json\/wp\/v2\/users\/1"}],"replies":[{"embeddable":true,"href":"https:\/\/lekkoatletykawpolsce.pl\/index.php\/wp-json\/wp\/v2\/comments?post=1709"}],"version-history":[{"count":16,"href":"https:\/\/lekkoatletykawpolsce.pl\/index.php\/wp-json\/wp\/v2\/pages\/1709\/revisions"}],"predecessor-version":[{"id":2675,"href":"https:\/\/lekkoatletykawpolsce.pl\/index.php\/wp-json\/wp\/v2\/pages\/1709\/revisions\/2675"}],"wp:attachment":[{"href":"https:\/\/lekkoatletykawpolsce.pl\/index.php\/wp-json\/wp\/v2\/media?parent=1709"}],"curies":[{"name":"wp","href":"https:\/\/api.w.org\/{rel}","templated":true}]}}